{"id":35,"date":"2024-01-08T13:08:56","date_gmt":"2024-01-08T13:08:56","guid":{"rendered":"https:\/\/lighthouse.frey-software.de\/?page_id=35"},"modified":"2024-01-08T15:33:13","modified_gmt":"2024-01-08T15:33:13","slug":"team","status":"publish","type":"page","link":"https:\/\/lighthouse.frey-software.de\/?page_id=35","title":{"rendered":"Team"},"content":{"rendered":"\n<p>Frey Software wurde im Mai 2003 von Manuel Frey gegr\u00fcndet. Seitdem  entwickeln wir erfolgreich Lernsoftware speziell f\u00fcr Segel- und  Motorbootfahrer. F\u00fcr Wassersportschulen passen wir die Software an die  individuellen W\u00fcnsche an oder entwickeln neue Softwareprodukte. Unsere Software wurde bereits mehrere tausend Mal verkauft, sowohl an  Kunden aus ganz Deutschland, als auch an Kunden aus \u00d6sterreich und der  Schweiz. In mehreren Wassersportschulen wird unsere Software bereits  angeboten und im Unterricht erfolgreich eingesetzt. Wir m\u00f6chten uns an dieser Stelle herzlich bei all unseren Kunden f\u00fcr  das Vertrauen, die vielen R\u00fcckmeldungen und Weiterempfehlungen bedanken. <\/p>\n\n\n\n<div style=\"height:200px\" aria-hidden=\"true\" class=\"wp-block-spacer\"><\/div>\n","protected":false},"excerpt":{"rendered":"<p>Frey Software wurde im Mai 2003 von Manuel Frey gegr\u00fcndet. Seitdem entwickeln wir erfolgreich Lernsoftware speziell f\u00fcr Segel- und Motorbootfahrer. F\u00fcr Wassersportschulen passen wir die Software an die individuellen W\u00fcnsche an oder entwickeln neue Softwareprodukte. Unsere Software wurde bereits mehrere tausend Mal verkauft, sowohl an Kunden aus ganz Deutschland, als auch an Kunden aus \u00d6sterreich [&hellip;]<\/p>\n","protected":false},"author":1,"featured_media":0,"parent":0,"menu_order":0,"comment_status":"closed","ping_status":"closed","template":"","meta":{"footnotes":""},"class_list":["post-35","page","type-page","status-publish","hentry"],"_links":{"self":[{"href":"https:\/\/lighthouse.frey-software.de\/index.php?rest_route=\/wp\/v2\/pages\/35","targetHints":{"allow":["GET"]}}],"collection":[{"href":"https:\/\/lighthouse.frey-software.de\/index.php?rest_route=\/wp\/v2\/pages"}],"about":[{"href":"https:\/\/lighthouse.frey-software.de\/index.php?rest_route=\/wp\/v2\/types\/page"}],"author":[{"embeddable":true,"href":"https:\/\/lighthouse.frey-software.de\/index.php?rest_route=\/wp\/v2\/users\/1"}],"replies":[{"embeddable":true,"href":"https:\/\/lighthouse.frey-software.de\/index.php?rest_route=%2Fwp%2Fv2%2Fcomments&post=35"}],"version-history":[{"count":3,"href":"https:\/\/lighthouse.frey-software.de\/index.php?rest_route=\/wp\/v2\/pages\/35\/revisions"}],"predecessor-version":[{"id":47,"href":"https:\/\/lighthouse.frey-software.de\/index.php?rest_route=\/wp\/v2\/pages\/35\/revisions\/47"}],"wp:attachment":[{"href":"https:\/\/lighthouse.frey-software.de\/index.php?rest_route=%2Fwp%2Fv2%2Fmedia&parent=35"}],"curies":[{"name":"wp","href":"https:\/\/api.w.org\/{rel}","templated":true}]}}